{"id":771,"date":"2017-03-09T16:28:45","date_gmt":"2017-03-09T14:28:45","guid":{"rendered":"http:\/\/www.hyvinvointivaltio.fi\/?page_id=771"},"modified":"2017-03-15T21:46:02","modified_gmt":"2017-03-15T19:46:02","slug":"vuosikokousasikirjat-2017","status":"publish","type":"page","link":"https:\/\/hyvinvointivaltio.fi\/?page_id=771","title":{"rendered":"Vuosikokousasiakirjat 2017"},"content":{"rendered":"<p>Hyvinvointivaltion vaalijat ry vuosikokous 2017<\/p>\n<p>Torstaina 16.3.2017 klo 17<\/p>\n<p class=\"western\">Kirkontalo Etel\u00e4ranta 8. Helsinki<\/p>\n<p class=\"western\">Yhdistyksen vuosikokouksessa k\u00e4sitell\u00e4\u00e4n seuraavat asiat:<br \/>\n1. kokouksen avaus<br \/>\n2. valitaan kokouksen puheenjohtaja, sihteeri, kaksi p\u00f6yt\u00e4kirjantarkastajaa ja tarvittaessa kaksi \u00e4\u00e4ntenlaskijaa<br \/>\n3. todetaan kokouksen laillisuus ja p\u00e4\u00e4t\u00f6svaltaisuus<br \/>\n4. hyv\u00e4ksyt\u00e4\u00e4n kokouksen ty\u00f6j\u00e4rjestys<br \/>\n5. esitet\u00e4\u00e4n tilinp\u00e4\u00e4t\u00f6s, vuosikertomus ja\u00a0toiminnantarkastajan lausunto<br \/>\n6. p\u00e4\u00e4tet\u00e4\u00e4n tilinp\u00e4\u00e4t\u00f6ksen vahvistamisesta ja vastuuvapauden my\u00f6nt\u00e4misest\u00e4 hallitukselle ja muille vastuuvelvollisille<br \/>\n7. vahvistetaan toimintasuunnitelma, tulo- ja menoarvio sek\u00e4 liittymis- ja j\u00e4senmaksujen suuruudet<br \/>\n8. valitaan hallituksen puheenjohtaja ja muut j\u00e4senet<br \/>\n9. valitaan yksi tai kaksi tilintarkastajaa ja heille varatilintarkastajat<br \/>\n10. k\u00e4sitell\u00e4\u00e4n muut kokouskutsussa mainitut asiat.<\/p>\n<hr \/>\n<p><strong>Hyvinvointivaltion vaalijat ry:n toimintakertomus vuodelta 2016<\/strong><\/p>\n<p>HYVA on yhdistys, joka ker\u00e4\u00e4 ja levitt\u00e4\u00e4 tietoa pohjoismaisen hyvinvointivaltion paremmuudesta muihin valtiollisiin j\u00e4rjestelmiin verrattuna. T\u00e4m\u00e4n periaatteen mukaisesti on toimittu vuonna 2016.<\/p>\n<p>Hallinto: Hallitukseen ovat kuuluneet puheenjohtajana Juha Nurmela, Anja-Riitta Ketokoski (varapuheenjohtaja), Katja Paavilainen (sihteeri), Mikael Kallavuo, Sini Askelo (rahastonhoitaja), Leena Er\u00e4saari, Kaarina Kailo (Oulu), Jouko Kajanoja, Irene Nummela, Leo Lindstedt (Turku), Eeva Kaukoluoto, Terttu Savola, Thomas Wallgren, Marja-Liisa Viher\u00e4, Tuula Vuori-Salo, Paula Saikkonen.<\/p>\n<p>Hallitus kokoontui kuusi kertaa.<\/p>\n<p>Toiminnantarkastajana oli Olli Salin ja varatoiminnantarkastajana Pekka Luoma.<\/p>\n<p>S\u00e4\u00e4nt\u00f6m\u00e4\u00e4r\u00e4inen vuosikokous pidettiin 19.3.2015 Kirkontalossa. Vuosikokouksessa alustivat Raija Julkunen aiheesta hoivapolitiikka t\u00e4n\u00e4\u00e4n ja Kaarina Kailo aiheesta toisenlainen ihmiskuva ja politiikka ovat mahdollisia; huolenpito ja lahjatalouden visioita.<\/p>\n<p>HYVAN postituslistalla oli noin 160 hyvalaista, joista noin 60 maksoi 10 euron j\u00e4senmaksun.<\/p>\n<p>Tilinkauden tulos oli 301,63 euroa ylij\u00e4\u00e4m\u00e4inen.<\/p>\n<p>Toiminta:<\/p>\n<p>Anja-Riitta Ketokoski on ollut HYVAn edustajana EAPN-Finin hallituksessa ja Suomen YK-liitossa.<\/p>\n<p>Juha Nurmela on ollut Otavan opiston osuuskunnan hallituksen j\u00e4sen.<\/p>\n<p>Sosiaalifoorumiin j\u00e4rjestettiin pop up tilaisuus 16.4.2016. Onko kansalaistoimijoilla virkaa sotessa? Mik\u00e4 on kolmannen sektorin asema ennen ja j\u00e4lkeen sote-uudistuksen? J\u00e4\u00e4k\u00f6 j\u00e4rjest\u00f6jen palvelutoiminta isojen tuottajien jalkoihin? Kuinka est\u00e4\u00e4 dumppaus? Keskustelemassa olivat Juha Nurmela, Janne Gustafsson, Pirkko Justander, Jouko Karjalainen ym. J\u00e4rjest\u00e4j\u00e4t Kuka kuuntelee k\u00f6yh\u00e4\u00e4, HYVA, Suoja-Pirtti ry.<\/p>\n<p>Syksyll\u00e4 pidettiin oma seminaari \u201dHyvinvointitaloudesta\u201d Ty\u00f6v\u00e4enliikkeen kirjastossa.<\/p>\n<p>Osa seminaarien alustuksista tallennettiin kotisivuilta katsottaviksi.<\/p>\n<p>Hyvalaisia kannustettiin allekirjoittamaan vanhuspalveluadressia, johon tuli niukasti allekirjoituksia m\u00e4\u00e4r\u00e4aikaan menness\u00e4.<\/p>\n<p>SOTE laki ehdotuksesta tehtiin lyhyt lausunto. Yritettiin organisoida ty\u00f6paja lausunnon laatimiseksi, mutta ei l\u00f6ytynyt halukkaita j\u00e4rjest\u00f6j\u00e4<\/p>\n<p>On osallistuttu joukkovoimaa hallituspolitiikkaa vastaan mielenosoituksiin ja tuettu niit\u00e4 100 eurolla.<\/p>\n<p>Kotisivua on uudistettu, kiitos Henock Mulissan.<\/p>\n<p>Siirtyminen uutteen s\u00e4hk\u00f6postilistaan on aloitettu<\/p>\n<p>Koko vuoden ajan tiedotettiin hyvalaisista tilaisuuksista, artikkeleista ja julkaisuista postituslistalla oleville ja facebook ryhm\u00e4ss\u00e4. Postituslistalla kannustettiin j\u00e4senist\u00f6\u00e4 osallistumaan \u201dJoukkovoimaa hallituspolitikkaa vastaan\u201d ja TTIP tilaisuuksiin.<\/p>\n<p>Hyvinvointivaltion vaalijat ry:n hallitus 14.2.2017<\/p>\n<p>_____________________________________________________________<\/p>\n<table width=\"489\">\n<tbody>\n<tr>\n<td colspan=\"3\" width=\"386\">Hyvinvointivaltion vaalijat HYVA ry<\/td>\n<td width=\"28\"><\/td>\n<td width=\"75\"><\/td>\n<\/tr>\n<tr>\n<td colspan=\"2\">TILINP\u00c4\u00c4T\u00d6S 2016<\/td>\n<td><\/td>\n<td><\/td>\n<td><\/td>\n<\/tr>\n<tr>\n<td><\/td>\n<td><\/td>\n<td><\/td>\n<td><\/td>\n<td><\/td>\n<\/tr>\n<tr>\n<td colspan=\"3\">Tuloslaskelma 1.1.2016 &#8211; 31.12.2016<\/td>\n<td><\/td>\n<td><\/td>\n<\/tr>\n<tr>\n<td><\/td>\n<td><\/td>\n<td><\/td>\n<td><\/td>\n<td><\/td>\n<\/tr>\n<tr>\n<td><strong>Tulotilit<\/strong><\/td>\n<td><\/td>\n<td><\/td>\n<td><\/td>\n<td><\/td>\n<\/tr>\n<tr>\n<td colspan=\"3\">Varainhankinnan tulot<\/td>\n<td><\/td>\n<td><\/td>\n<\/tr>\n<tr>\n<td><\/td>\n<td>310<\/td>\n<td>J\u00e4senmaksut<\/td>\n<td><\/td>\n<td>775<\/td>\n<\/tr>\n<tr>\n<td><\/td>\n<td>311<\/td>\n<td>Avustukset ja lahjoitukset<\/td>\n<td><\/td>\n<td><\/td>\n<\/tr>\n<tr>\n<td><\/td>\n<td><\/td>\n<td><\/td>\n<td><\/td>\n<td><\/td>\n<\/tr>\n<tr>\n<td><\/td>\n<td>319<\/td>\n<td>Muut varainhankinnan tulot<\/td>\n<td><\/td>\n<td><\/td>\n<\/tr>\n<tr>\n<td colspan=\"3\">Yhteens\u00e4 varainhankinnan tulot<\/td>\n<td><\/td>\n<td>775<\/td>\n<\/tr>\n<tr>\n<td colspan=\"2\"><strong>Yhteens\u00e4 tulotilit <\/strong><\/td>\n<td><\/td>\n<td><\/td>\n<td><strong>775<\/strong><\/td>\n<\/tr>\n<tr>\n<td><\/td>\n<td><\/td>\n<td><\/td>\n<td><\/td>\n<td><\/td>\n<\/tr>\n<tr>\n<td><strong>Menotilit<\/strong><\/td>\n<td><\/td>\n<td><\/td>\n<td><\/td>\n<td><\/td>\n<\/tr>\n<tr>\n<td colspan=\"3\">Varsinaisen toiminnan menot<\/td>\n<td><\/td>\n<td><\/td>\n<\/tr>\n<tr>\n<td><\/td>\n<td>400<\/td>\n<td>Menot omista tilaisuuksista<\/td>\n<td><\/td>\n<td>195,85<\/td>\n<\/tr>\n<tr>\n<td><\/td>\n<td>401<\/td>\n<td>Menot muiden tilaisuuksista<\/td>\n<td><\/td>\n<td>100,00<\/td>\n<\/tr>\n<tr>\n<td><\/td>\n<td>406<\/td>\n<td>Tiedotus ja julkaisutoiminta<\/td>\n<td><\/td>\n<td><\/td>\n<\/tr>\n<tr>\n<td><\/td>\n<td>409<\/td>\n<td>Tilavuokrat<\/td>\n<td><\/td>\n<td><\/td>\n<\/tr>\n<tr>\n<td><\/td>\n<td>407<\/td>\n<td>Hallintomenot<\/td>\n<td><\/td>\n<td><\/td>\n<\/tr>\n<tr>\n<td><\/td>\n<td>420<\/td>\n<td>J\u00e4senmaksut<\/td>\n<td><\/td>\n<td><\/td>\n<\/tr>\n<tr>\n<td><\/td>\n<td><\/td>\n<td>Bien Finland- Suomen perustuloverkosto<\/td>\n<td><\/td>\n<td>20<\/td>\n<\/tr>\n<tr>\n<td><\/td>\n<td><\/td>\n<td colspan=\"2\">SOSTE Suomen sosiaali ja terveys ry EAPN-Fin<\/td>\n<td>50<\/td>\n<\/tr>\n<tr>\n<td><\/td>\n<td><\/td>\n<td>Suomen YK-liitto 2014<\/td>\n<td><\/td>\n<td><\/td>\n<\/tr>\n<tr>\n<td colspan=\"3\"><strong>Yhteens\u00e4 varsinaisen toiminnan menot<\/strong><\/td>\n<td><\/td>\n<td><strong>365,85<\/strong><\/td>\n<\/tr>\n<tr>\n<td><\/td>\n<td><\/td>\n<td><\/td>\n<td><\/td>\n<td><\/td>\n<\/tr>\n<tr>\n<td colspan=\"3\">Varainhankinnan menot (429)<\/td>\n<td><\/td>\n<td><\/td>\n<\/tr>\n<tr>\n<td colspan=\"2\">Rahoitusmenot<\/td>\n<td><\/td>\n<td><\/td>\n<td><\/td>\n<\/tr>\n<tr>\n<td><\/td>\n<td>431<\/td>\n<td>Rahalaitosten palvelumaksut<\/td>\n<td><\/td>\n<td>107,52<\/td>\n<\/tr>\n<tr>\n<td><\/td>\n<td><\/td>\n<td><\/td>\n<td><\/td>\n<td><\/td>\n<\/tr>\n<tr>\n<td colspan=\"2\"><strong>Yhteens\u00e4 menotilit<\/strong><\/td>\n<td><\/td>\n<td><\/td>\n<td><strong>473,37<\/strong><\/td>\n<\/tr>\n<tr>\n<td><\/td>\n<td><\/td>\n<td><\/td>\n<td><\/td>\n<td><\/td>\n<\/tr>\n<tr>\n<td colspan=\"3\"><strong>Tilikauden yli\/alij\u00e4\u00e4m\u00e4<\/strong><\/td>\n<td><\/td>\n<td><strong>301,63<\/strong><\/td>\n<\/tr>\n<tr>\n<td><\/td>\n<td><\/td>\n<td><\/td>\n<td><\/td>\n<td><\/td>\n<\/tr>\n<tr>\n<td colspan=\"2\"><strong>TASE 31.12.2015<\/strong><\/td>\n<td><\/td>\n<td><\/td>\n<td><\/td>\n<\/tr>\n<tr>\n<td colspan=\"2\"><strong>Vastaavaa<\/strong><\/td>\n<td><\/td>\n<td><\/td>\n<td><\/td>\n<\/tr>\n<tr>\n<td>Rahat<\/td>\n<td><\/td>\n<td><\/td>\n<td><\/td>\n<td><\/td>\n<\/tr>\n<tr>\n<td><\/td>\n<td>101<\/td>\n<td>DanskeBank 1.1.2016<\/td>\n<td><\/td>\n<td>1183,48<\/td>\n<\/tr>\n<tr>\n<td colspan=\"2\"><strong>Vastaavaa yhteens\u00e4<\/strong><\/td>\n<td><\/td>\n<td><\/td>\n<td><strong>1183,48<\/strong><\/td>\n<\/tr>\n<tr>\n<td><\/td>\n<td><\/td>\n<td><\/td>\n<td><\/td>\n<td><\/td>\n<\/tr>\n<tr>\n<td colspan=\"2\"><strong>Vastattavaa<\/strong><\/td>\n<td><\/td>\n<td><\/td>\n<td><\/td>\n<\/tr>\n<tr>\n<td colspan=\"2\">Oma p\u00e4\u00e4oma<\/td>\n<td><\/td>\n<td><\/td>\n<td><\/td>\n<\/tr>\n<tr>\n<td><\/td>\n<td>222<\/td>\n<td>Ed. tilikauden ylij\u00e4\u00e4m\u00e4 31.12.2014<\/td>\n<td><\/td>\n<td>881,85<\/td>\n<\/tr>\n<tr>\n<td><\/td>\n<td><\/td>\n<td>Tilkauden yli\/alij\u00e4\u00e4m\u00e4<\/td>\n<td><\/td>\n<td>301,63<\/td>\n<\/tr>\n<tr>\n<td><\/td>\n<td><\/td>\n<td><\/td>\n<td><\/td>\n<td><\/td>\n<\/tr>\n<tr>\n<td><\/td>\n<td><\/td>\n<td><\/td>\n<td><\/td>\n<td><\/td>\n<\/tr>\n<tr>\n<td colspan=\"3\"><strong>Vastattavaa yhteens\u00e4<\/strong><\/td>\n<td><\/td>\n<td><strong>1183,48<\/strong><\/td>\n<\/tr>\n<tr>\n<td><\/td>\n<td><\/td>\n<td><\/td>\n<td><\/td>\n<td><\/td>\n<\/tr>\n<tr>\n<td colspan=\"3\">Helsingiss\u00e4 31. tammikuuta 2017<\/td>\n<td><\/td>\n<td><\/td>\n<\/tr>\n<tr>\n<td><\/td>\n<td><\/td>\n<td><\/td>\n<td><\/td>\n<td><\/td>\n<\/tr>\n<tr>\n<td colspan=\"3\"><strong>Hyva ry:n hallituksen kokouksen p\u00e4\u00e4t\u00f6ksen mukaisesti<\/strong><\/td>\n<td><\/td>\n<td><\/td>\n<\/tr>\n<\/tbody>\n<\/table>\n<p>&nbsp;<\/p>\n<p>Toiminnan tarkastajan lausunto<\/p>\n<p><a href=\"http:\/\/www.hyvinvointivaltio.fi\/wp-content\/uploads\/2017\/03\/Tilintarkiastus.pdf\">Toimininnantarkastajan lausunto<\/a><\/p>\n<p>&nbsp;<\/p>\n<hr \/>\n<p><strong>HYVAN toimintasuunnitelma vuodelle 2017<\/strong><\/p>\n<p>Vuonna 2017 HYVA jatkaa pohjoismaisen hyvinvointivaltion vaalimista j\u00e4rjest\u00e4en seminaareja ja ty\u00f6pajoja yksin ja yhdess\u00e4 muiden yhdistysten kanssa sek\u00e4 toimimalla pohjoismaisen hyvinvointivaltion puolesta julkisuudessa.<\/p>\n<p>Vuosikokouksen lis\u00e4ksi on mm. seuraavaa toimintaa:<\/p>\n<p>HYVA jatkaa Suomen YK-liiton ja EAPN-Finin sek\u00e4 BIEN-perustuloverkoston j\u00e4senen\u00e4.<\/p>\n<p>Tuetaan Suomen sosiaalifoorumia 300 euron raha-avustuksella.<\/p>\n<p>Tuetaan mahdollisuuksien mukaan muiden paikkakuntien sosiaalifoorumeita sek\u00e4 muita vastaavia, hyvalaisten j\u00e4rjest\u00e4mi\u00e4, tilaisuuksia.<\/p>\n<p>J\u00e4rjestet\u00e4\u00e4n seminaari- ja keskustelutilaisuuksia hyvinvointivaltioon liittyvist\u00e4 aiheista yksin tai kumppaneiden kanssa. Sosiaalifoorumiin, 1.4.2017, j\u00e4rjest\u00e4\u00e4n seminaari \u201dKuka saa, kenen toimesta ja miss\u00e4 julkista hoivaa tulevaisuudessa? Ent\u00e4 minne rahat menev\u00e4t?\u201d.<\/p>\n<p>Toukokuussa j\u00e4rjestet\u00e4\u00e4n seminaari ymp\u00e4rivuorokautiseen hoitoon p\u00e4\u00e4syn kriteereist\u00e4. Seminaaritilaisuudet pyrit\u00e4\u00e4n tallentamaan kotisivuille.<\/p>\n<p>Tiedotetaan hyvalaisista tapahtumista, artikkeleista ja julkaisuista postituslistalla ja facebook ryhm\u00e4ss\u00e4. Hyva tukee edelleen \u201dJoukkovoimaa hallituspolitiikkaa vastaa\u201d liikett\u00e4 ja TTIP ja CETA sopimusten vastaista toimintaan ja viestitt\u00e4\u00e4 postituslistalla hyvalaisista kansalaisaloitteista kannustaen niiden allekirjoittamiseen.<\/p>\n<p>Otetaan aktiiviseen k\u00e4ytt\u00f6\u00f6n uusi postituslista, johon listan j\u00e4senet voivat l\u00e4hett\u00e4\u00e4 viestej\u00e4 toisten j\u00e4senten luettavaksi.<\/p>\n<p>Yritet\u00e4\u00e4n laatia nettisivusto, jonne koottaisiin eri tahojen, kuten j\u00e4rjest\u00f6jen, ay-liikkeen, vapaiden liikkeiden arvioita ja kommentteja Suomen nykyisen hallituksen toimien kielteisist\u00e4 vaikutuksista. Tavoitteena olisi saada eri tahot huomaamaan yhteisty\u00f6mahdollisuudet suomalaisten oikeuksien ja hyvinvoinnin puolustamisessa.<\/p>\n<p>Pyrit\u00e4\u00e4n kasvattamaan j\u00e4senm\u00e4\u00e4r\u00e4\u00e4 ja hankkimaan tukimaksuja.<\/p>\n<p>Juha Nurmela<\/p>\n<p>Puheenjohtaja<\/p>\n<p>________________________________________________________________________<\/p>\n<p>Hyvinvointivaltion vaalijat ry\u00a0 budjetti vuodelle 2017<\/p>\n<table width=\"461\">\n<tbody>\n<tr>\n<td colspan=\"4\" width=\"280\">Hyvinvointivaltion vaalijat HYVA ry<\/td>\n<td width=\"53\"><\/td>\n<td width=\"64\"><\/td>\n<td width=\"64\"><\/td>\n<\/tr>\n<tr>\n<td colspan=\"4\">Talousarvio 1.1.2017 -31.12.2017<\/td>\n<td><\/td>\n<td><\/td>\n<td><\/td>\n<\/tr>\n<tr>\n<td><\/td>\n<td><\/td>\n<td><\/td>\n<td><\/td>\n<td><\/td>\n<td><\/td>\n<td><\/td>\n<\/tr>\n<tr>\n<td><strong>Tulotilit<\/strong><\/td>\n<td><\/td>\n<td><\/td>\n<td><\/td>\n<td><\/td>\n<td><strong>2016<\/strong><\/td>\n<td><strong>2017<\/strong><\/td>\n<\/tr>\n<tr>\n<td colspan=\"4\">Varsinaisen toiminnan tulot<\/td>\n<td><\/td>\n<td><\/td>\n<td><\/td>\n<\/tr>\n<tr>\n<td><\/td>\n<td>300<\/td>\n<td colspan=\"2\">Tulot omista tilaisuuksista<\/td>\n<td><\/td>\n<td><\/td>\n<td><\/td>\n<\/tr>\n<tr>\n<td><\/td>\n<td>301<\/td>\n<td colspan=\"2\">Tulot muiden tilaisuuksista<\/td>\n<td><\/td>\n<td><\/td>\n<td><\/td>\n<\/tr>\n<tr>\n<td><\/td>\n<td>309<\/td>\n<td colspan=\"3\">Muut varsinaisen toiminnan tulot<\/td>\n<td><\/td>\n<td><\/td>\n<\/tr>\n<tr>\n<td colspan=\"4\">Yhteens\u00e4 varsinaisen toiminna tulot<\/td>\n<td><\/td>\n<td><\/td>\n<td><\/td>\n<\/tr>\n<tr>\n<td colspan=\"3\">Varainhankinnan tulot<\/td>\n<td><\/td>\n<td><\/td>\n<td><\/td>\n<td><\/td>\n<\/tr>\n<tr>\n<td><\/td>\n<td>310<\/td>\n<td colspan=\"2\">J\u00e4senmaksut<\/td>\n<td><\/td>\n<td>775<\/td>\n<td>775<\/td>\n<\/tr>\n<tr>\n<td><\/td>\n<td><\/td>\n<td><\/td>\n<td>Yhteis\u00f6j\u00e4senet<\/td>\n<td><\/td>\n<td><\/td>\n<td><\/td>\n<\/tr>\n<tr>\n<td><\/td>\n<td>311<\/td>\n<td colspan=\"2\">Avustukset ja lahjoitukset<\/td>\n<td><\/td>\n<td><\/td>\n<td><\/td>\n<\/tr>\n<tr>\n<td><\/td>\n<td>319<\/td>\n<td colspan=\"2\">Muut varainhankinnan tulot<\/td>\n<td><\/td>\n<td><\/td>\n<td><\/td>\n<\/tr>\n<tr>\n<td colspan=\"4\">Yhteens\u00e4 varainhankinnan tulot<\/td>\n<td><\/td>\n<td>775<\/td>\n<td>775<\/td>\n<\/tr>\n<tr>\n<td><\/td>\n<td><\/td>\n<td><\/td>\n<td><\/td>\n<td><\/td>\n<td><\/td>\n<td><\/td>\n<\/tr>\n<tr>\n<td colspan=\"2\"><strong>Yhteens\u00e4 tulot<\/strong><\/td>\n<td><\/td>\n<td><\/td>\n<td><\/td>\n<td><strong>775<\/strong><\/td>\n<td><strong>775<\/strong><\/td>\n<\/tr>\n<tr>\n<td><\/td>\n<td><\/td>\n<td><\/td>\n<td><\/td>\n<td><\/td>\n<td><\/td>\n<td><\/td>\n<\/tr>\n<tr>\n<td><strong>Menot<\/strong><\/td>\n<td><\/td>\n<td><\/td>\n<td><\/td>\n<td><\/td>\n<td><\/td>\n<td><\/td>\n<\/tr>\n<tr>\n<td colspan=\"4\">Varsinaisen toiminnan menot<\/td>\n<td><\/td>\n<td><\/td>\n<td><\/td>\n<\/tr>\n<tr>\n<td><\/td>\n<td>400<\/td>\n<td colspan=\"2\">Menot omista tilaisuuksista<\/td>\n<td><\/td>\n<td>195,85<\/td>\n<td>200<\/td>\n<\/tr>\n<tr>\n<td><\/td>\n<td>401<\/td>\n<td colspan=\"3\">Menot muiden tilaisuuksista<\/td>\n<td>100,00<\/td>\n<td>100<\/td>\n<\/tr>\n<tr>\n<td><\/td>\n<td><\/td>\n<td colspan=\"2\">Sosiaaliforum: Tuki<\/td>\n<td><\/td>\n<td><\/td>\n<td>300<\/td>\n<\/tr>\n<tr>\n<td><\/td>\n<td><\/td>\n<td colspan=\"2\">Sosiaaliforum: Tilaisuudet<\/td>\n<td><\/td>\n<td><\/td>\n<td>60<\/td>\n<\/tr>\n<tr>\n<td><\/td>\n<td><\/td>\n<td colspan=\"3\">Hanke: Hallituksen vahtikoira<\/td>\n<td><\/td>\n<td>200<\/td>\n<\/tr>\n<tr>\n<td><\/td>\n<td><\/td>\n<td><\/td>\n<td><strong>Yhteens\u00e4<\/strong><\/td>\n<td><\/td>\n<td><strong>295,85<\/strong><\/td>\n<td><strong>860<\/strong><\/td>\n<\/tr>\n<tr>\n<td><\/td>\n<td>403<\/td>\n<td colspan=\"2\">Postitusmenot<\/td>\n<td><\/td>\n<td><\/td>\n<td><\/td>\n<\/tr>\n<tr>\n<td><\/td>\n<td>406<\/td>\n<td colspan=\"2\">Tiedotus ja julkaisutoiminta<\/td>\n<td><\/td>\n<td><\/td>\n<td><\/td>\n<\/tr>\n<tr>\n<td><\/td>\n<td>407<\/td>\n<td colspan=\"2\">Hallintomenot<\/td>\n<td><\/td>\n<td><\/td>\n<td><\/td>\n<\/tr>\n<tr>\n<td><\/td>\n<td>409<\/td>\n<td colspan=\"2\">Tilavuokrat<\/td>\n<td><\/td>\n<td><\/td>\n<td><\/td>\n<\/tr>\n<tr>\n<td><\/td>\n<td>410<\/td>\n<td colspan=\"2\">Palkat ja palkkiot<\/td>\n<td><\/td>\n<td><\/td>\n<td><\/td>\n<\/tr>\n<tr>\n<td><\/td>\n<td>411<\/td>\n<td colspan=\"2\">Henkil\u00f6st\u00f6sivukulut<\/td>\n<td><\/td>\n<td><\/td>\n<td><\/td>\n<\/tr>\n<tr>\n<td><\/td>\n<td>412<\/td>\n<td colspan=\"2\">Koulutus j\u00e4senist\u00f6lle<\/td>\n<td><\/td>\n<td><\/td>\n<td><\/td>\n<\/tr>\n<tr>\n<td><\/td>\n<td>419<\/td>\n<td colspan=\"3\">Muut varsinaisen toiminnan menot<\/td>\n<td><\/td>\n<td><\/td>\n<\/tr>\n<tr>\n<td><\/td>\n<td>420<\/td>\n<td colspan=\"2\">J\u00e4senmaksut<\/td>\n<td><\/td>\n<td><\/td>\n<td><\/td>\n<\/tr>\n<tr>\n<td><\/td>\n<td><\/td>\n<td>Bien<\/td>\n<td><\/td>\n<td><\/td>\n<td>20<\/td>\n<td>20<\/td>\n<\/tr>\n<tr>\n<td><\/td>\n<td><\/td>\n<td colspan=\"2\">SOSTE\/EAPN<\/td>\n<td><\/td>\n<td>50<\/td>\n<td>50<\/td>\n<\/tr>\n<tr>\n<td><\/td>\n<td><\/td>\n<td>YK-liitto<\/td>\n<td><\/td>\n<td><\/td>\n<td><\/td>\n<td>80<\/td>\n<\/tr>\n<tr>\n<td><\/td>\n<td><\/td>\n<td><strong>Yhteens\u00e4<\/strong><\/td>\n<td><\/td>\n<td><\/td>\n<td><strong>70<\/strong><\/td>\n<td><strong>150<\/strong><\/td>\n<\/tr>\n<tr>\n<td colspan=\"4\"><strong>Yhteens\u00e4 varsinaisen toiminnan menot<\/strong><\/td>\n<td><\/td>\n<td><strong>365,85<\/strong><\/td>\n<td><strong>1010<\/strong><\/td>\n<\/tr>\n<\/tbody>\n<\/table>\n<p class=\"western\">EHDOLLA HALLITUKSEEN:<\/p>\n<p class=\"western\">Vuoden 2016 hallitukseen kuulluneet: puheenjohtajana Juha Nurmela, Anja-Riitta Ketokoski (varapuheenjohtaja), Katja Paavilainen (sihteeri), Mikael Kallavuo, Sini Askelo (rahastonhoitaja), Leena Er\u00e4saari, Kaarina Kailo (Oulu), Irene Nummela, \u00a0Eeva Kaukoluoto, \u00a0Paula Saikkonen<\/p>\n<p class=\"western\">Uusia: Lena N\u00e4re, Olli Nylander ja\u00a0Jarl\u00a0Spoof, muita ehdokkaita?<\/p>\n<p class=\"western\">Toiminnantarkastaja: Olli Salin<\/p>\n","protected":false},"excerpt":{"rendered":"<p>Hyvinvointivaltion vaalijat ry vuosikokous 2017<\/p>\n<p>Torstaina 16.3.2017 klo 17<\/p>\n<p class=\"western\">Kirkontalo Etel\u00e4ranta 8. Helsinki<\/p>\n<p class=\"western\">Yhdistyksen vuosikokouksessa k\u00e4sitell\u00e4\u00e4n seuraavat asiat: 1. kokouksen avaus 2. valitaan kokouksen puheenjohtaja, sihteeri, kaksi p\u00f6yt\u00e4kirjantarkastajaa ja tarvittaessa kaksi \u00e4\u00e4ntenlaskijaa 3. todetaan kokouksen laillisuus ja p\u00e4\u00e4t\u00f6svaltaisuus 4. hyv\u00e4ksyt\u00e4\u00e4n kokouksen ty\u00f6j\u00e4rjestys 5. esitet\u00e4\u00e4n tilinp\u00e4\u00e4t\u00f6s, vuosikertomus ja toiminnantarkastajan lausunto 6. p\u00e4\u00e4tet\u00e4\u00e4n tilinp\u00e4\u00e4t\u00f6ksen vahvistamisesta [&#8230;]<\/p>\n","protected":false},"author":2,"featured_media":0,"parent":13,"menu_order":0,"comment_status":"closed","ping_status":"closed","template":"","meta":{"footnotes":""},"class_list":["post-771","page","type-page","status-publish","hentry","odd"],"_links":{"self":[{"href":"https:\/\/hyvinvointivaltio.fi\/index.php?rest_route=\/wp\/v2\/pages\/771","targetHints":{"allow":["GET"]}}],"collection":[{"href":"https:\/\/hyvinvointivaltio.fi\/index.php?rest_route=\/wp\/v2\/pages"}],"about":[{"href":"https:\/\/hyvinvointivaltio.fi\/index.php?rest_route=\/wp\/v2\/types\/page"}],"author":[{"embeddable":true,"href":"https:\/\/hyvinvointivaltio.fi\/index.php?rest_route=\/wp\/v2\/users\/2"}],"replies":[{"embeddable":true,"href":"https:\/\/hyvinvointivaltio.fi\/index.php?rest_route=%2Fwp%2Fv2%2Fcomments&post=771"}],"version-history":[{"count":10,"href":"https:\/\/hyvinvointivaltio.fi\/index.php?rest_route=\/wp\/v2\/pages\/771\/revisions"}],"predecessor-version":[{"id":782,"href":"https:\/\/hyvinvointivaltio.fi\/index.php?rest_route=\/wp\/v2\/pages\/771\/revisions\/782"}],"up":[{"embeddable":true,"href":"https:\/\/hyvinvointivaltio.fi\/index.php?rest_route=\/wp\/v2\/pages\/13"}],"wp:attachment":[{"href":"https:\/\/hyvinvointivaltio.fi\/index.php?rest_route=%2Fwp%2Fv2%2Fmedia&parent=771"}],"curies":[{"name":"wp","href":"https:\/\/api.w.org\/{rel}","templated":true}]}}