{"id":613,"date":"2016-03-22T19:06:20","date_gmt":"2016-03-22T17:06:20","guid":{"rendered":"http:\/\/www.hyvinvointivaltio.fi\/?page_id=613"},"modified":"2019-04-01T17:28:54","modified_gmt":"2019-04-01T15:28:54","slug":"hyvan-hallitus-2016","status":"publish","type":"page","link":"https:\/\/hyvinvointivaltio.fi\/?page_id=613","title":{"rendered":"HYVAN hallitus 2019"},"content":{"rendered":"<h5 class=\"western\"><span style=\"font-size: medium;\">Puheenjohtaja Juha Nurmela<\/span><\/h5>\n<h5 class=\"western\"><span style=\"font-size: medium;\">Hallituksen j\u00e4senet:\u00a0<\/span><\/h5>\n<h5 class=\"western\">Anja-Riitta Ketokoski,<\/h5>\n<h5 class=\"western\">Sini Askelo,<\/h5>\n<h5 class=\"western\">Leena Er\u00e4saari,<\/h5>\n<h5 class=\"western\">Irene Nummela,<\/h5>\n<h5 class=\"western\">Olli Nylander,<\/h5>\n<h5 class=\"western\">Einari Rautio,<\/h5>\n<h5 class=\"western\">Raisa Baer,<\/h5>\n<h5 class=\"western\">Jouni Kylm\u00e4l\u00e4,<\/h5>\n<h5 class=\"western\">Pekka Elonheimo,<\/h5>\n<h5 class=\"western\">Sari Vesikansa ja<\/h5>\n<h5 class=\"western\">Leila Lankinen.<\/h5>\n<p class=\"western\"><span style=\"font-family: Times New Roman,serif;\"><span style=\"font-size: medium;\">\u00a0<\/span><\/span><\/p>\n","protected":false},"excerpt":{"rendered":"<p>Puheenjohtaja Juha Nurmela Hallituksen j\u00e4senet: Anja-Riitta Ketokoski, Sini Askelo, Leena Er\u00e4saari, Irene Nummela, Olli Nylander, Einari Rautio, Raisa Baer, Jouni Kylm\u00e4l\u00e4, Pekka Elonheimo, Sari Vesikansa ja Leila Lankinen. <\/p>\n<p class=\"western\">\n","protected":false},"author":2,"featured_media":0,"parent":0,"menu_order":0,"comment_status":"open","ping_status":"open","template":"","meta":{"footnotes":""},"class_list":["post-613","page","type-page","status-publish","hentry","odd"],"_links":{"self":[{"href":"https:\/\/hyvinvointivaltio.fi\/index.php?rest_route=\/wp\/v2\/pages\/613","targetHints":{"allow":["GET"]}}],"collection":[{"href":"https:\/\/hyvinvointivaltio.fi\/index.php?rest_route=\/wp\/v2\/pages"}],"about":[{"href":"https:\/\/hyvinvointivaltio.fi\/index.php?rest_route=\/wp\/v2\/types\/page"}],"author":[{"embeddable":true,"href":"https:\/\/hyvinvointivaltio.fi\/index.php?rest_route=\/wp\/v2\/users\/2"}],"replies":[{"embeddable":true,"href":"https:\/\/hyvinvointivaltio.fi\/index.php?rest_route=%2Fwp%2Fv2%2Fcomments&post=613"}],"version-history":[{"count":8,"href":"https:\/\/hyvinvointivaltio.fi\/index.php?rest_route=\/wp\/v2\/pages\/613\/revisions"}],"predecessor-version":[{"id":800,"href":"https:\/\/hyvinvointivaltio.fi\/index.php?rest_route=\/wp\/v2\/pages\/613\/revisions\/800"}],"wp:attachment":[{"href":"https:\/\/hyvinvointivaltio.fi\/index.php?rest_route=%2Fwp%2Fv2%2Fmedia&parent=613"}],"curies":[{"name":"wp","href":"https:\/\/api.w.org\/{rel}","templated":true}]}}