{"id":427,"date":"2013-11-05T20:43:37","date_gmt":"2013-11-05T18:43:37","guid":{"rendered":"http:\/\/www.hyvinvointivaltio.fi\/?page_id=427"},"modified":"2013-11-05T20:46:06","modified_gmt":"2013-11-05T18:46:06","slug":"paivi-uljas-hyvinvointivaltion-kehkeytymisen-historia","status":"publish","type":"page","link":"https:\/\/hyvinvointivaltio.fi\/?page_id=427","title":{"rendered":"P\u00e4ivi Uljas: Hyvinvointivaltion kehkeytymisen historia"},"content":{"rendered":"<p>Oheiseen \u00a0dokumenttiin P\u00e4ivi Uljas \u00a0on tiivist\u00e4nyt hyvinvointivaltion rakentumisen historian oleellisia kohtia. H\u00e4n on ystv\u00e4llisesti luovuttanut sen HYVAN kotisivuille \u00a0kaikkien katsottavaksi ja opiskeltavaksi.<\/p>\n<p><a href=\"http:\/\/www.hyvinvointivaltio.fi\/wp-content\/uploads\/2013\/11\/Paivi_uljas_HYVA.pdf\">Paivi_uljas_HYVA<\/a><\/p>\n","protected":false},"excerpt":{"rendered":"<p>Oheiseen dokumenttiin P\u00e4ivi Uljas on tiivist\u00e4nyt hyvinvointivaltion rakentumisen historian oleellisia kohtia. H\u00e4n on ystv\u00e4llisesti luovuttanut sen HYVAN kotisivuille kaikkien katsottavaksi ja opiskeltavaksi.<\/p>\n<p>Paivi_uljas_HYVA<\/p>\n","protected":false},"author":2,"featured_media":0,"parent":0,"menu_order":0,"comment_status":"open","ping_status":"open","template":"","meta":{"footnotes":""},"class_list":["post-427","page","type-page","status-publish","hentry","odd"],"_links":{"self":[{"href":"https:\/\/hyvinvointivaltio.fi\/index.php?rest_route=\/wp\/v2\/pages\/427","targetHints":{"allow":["GET"]}}],"collection":[{"href":"https:\/\/hyvinvointivaltio.fi\/index.php?rest_route=\/wp\/v2\/pages"}],"about":[{"href":"https:\/\/hyvinvointivaltio.fi\/index.php?rest_route=\/wp\/v2\/types\/page"}],"author":[{"embeddable":true,"href":"https:\/\/hyvinvointivaltio.fi\/index.php?rest_route=\/wp\/v2\/users\/2"}],"replies":[{"embeddable":true,"href":"https:\/\/hyvinvointivaltio.fi\/index.php?rest_route=%2Fwp%2Fv2%2Fcomments&post=427"}],"version-history":[{"count":6,"href":"https:\/\/hyvinvointivaltio.fi\/index.php?rest_route=\/wp\/v2\/pages\/427\/revisions"}],"predecessor-version":[{"id":434,"href":"https:\/\/hyvinvointivaltio.fi\/index.php?rest_route=\/wp\/v2\/pages\/427\/revisions\/434"}],"wp:attachment":[{"href":"https:\/\/hyvinvointivaltio.fi\/index.php?rest_route=%2Fwp%2Fv2%2Fmedia&parent=427"}],"curies":[{"name":"wp","href":"https:\/\/api.w.org\/{rel}","templated":true}]}}